 + 18*j**2 - 4*j + 9. Let z(x) = 4*x**3 - 23*x**2 + 5*x - 9. Let c(l) = -3*q(l) - 2*z(l). Let p be 3/(18/(-16))*-3. Calculate c(p).
7
Suppose -5*w - r + 28 = 0, -2*w - 2*r + 7*r = -22. Let o(h) = -h**3 + 7*h**2 - 7*h + 8. Let u be o(w). Let k(z) = 7*z + 3 + u - 2*z - 6*z. Give k(4).
1
Suppose 10*y = 4*y + 42. Let w(f) be the second derivative of -f**4/12 + 7*f**3/6 - f**2 + 21*f. Determine w(y).
-2
Let b(s) be the second derivative of s**4/12 + 5*s**3/3 + 7*s**2/2 + 43*s. What is b(-6)?
-17
Let o(p) = p**3 + 11*p**2 + 16*p - 9. Let x be o(-9). Let a(z) = z - 3 - 7 - 2 + 2. Calculate a(x).
-1
Let r(w) = 6*w + 1. Let m(d) = d - 12. Let t(p) = p - 12. Suppose -h - 21 = 5*b, -1 = 2*b - 3*h + 4. Let v(o) = b*t(o) + 3*m(o). Let g be v(13). What is r(g)?
-5
Let f(y) = y - 9. Let t be (10/6)/((-20)/(-72)). Determine f(t).
-3
Let x(o) = o**2 - 7*o + 8. Let k be x(7). Suppose -k*m = -11*m. Suppose m*s + 3*s = -2*a - 3, a = -4*s + 1. Let f(w) = 2*w**2 + w. What is f(s)?
3
Let l(x) be the second derivative of 1/3*x**4 + 1/20*x**5 - 2/3*x**3 - 3/2*x**2 + 0 + 13*x. Determine l(-4).
13
Let o = 31 - 47. Let a = o - -11. Let q(s) = -s + 1. Give q(a).
6
Let k(p) = 2*p - 45. Let w(j) = j**2 - 73*j + 359. Let c be w(68). What is k(c)?
-7
Let r(f) = -f**2 + 7*f + 5. Let a be r(6). Let y = -13 + a. Let u(q) = -3*q**2 - 2*q**2 - 6*q - q**3 - 3 + 3*q. Give u(y).
-9
Let b(h) = -5*h + 1. Let u be b(-1). Let f(m) = -m - 14. Let q be f(-16). Let z(n) = -5*n**q + 4*n**2 - 18*n + 25*n - 1. Give z(u).
5
Let y(c) = c**2 - c + 9. Let q = 114 - 114. Calculate y(q).
9
Let k be (15/10)/((-3)/2). Let u(v) be the first derivative of 6 - 1/2*v**2 - v + 4/3*v**3. Give u(k).
4
Let k(m) = -m**3 - 2*m**2 + 2*m - 2. Let q be (-2 - 3)/(-1 + 0). Suppose -h + 2*o - 4 = 0, -11 = h + 2*o + q. Let c = -13 - h. Determine k(c).
1
Let y(w) = 150*w - 596. Let u be y(4). Let t(s) be the third derivative of 0*s + 1/20*s**5 + 5/6*s**3 + 0 - 1/120*s**6 - s**2 + 1/12*s**4. Calculate t(u).
-3
Suppose 5*u - 2*u - 5*i - 39 = 0, -4*u = i - 29. Let t(o) = -o + 11. What is t(u)?
3
Let l(j) = -j + 7. Let a = 46 - 17. Let y(r) = 3*r. Let u be y(1). Suppose 5*n + 2*s = 4*s + 23, u*n - 5*s = a. Determine l(n).
4
Let t(k) = -3 - 2 - k**3 + 5*k**2 + 8 + 3*k. Suppose -n - 20 = -5*y + 4*n, -2*n + 4 = 0. Determine t(y).
-15
Let v(a) = -145462*a + 145464*a - 12 + 3. Calculate v(15).
21
Let x(c) = -c**3 + 4*c**2 - c + 1. Let h = -415 - -419. Give x(h).
-3
Let n(p) = p**2 - p + 2. Let m = 363 - 362. Let g(z) be the first derivative of z**2/2 + 1. Let v(i) = m*n(i) + g(i). What is v(2)?
6
Suppose 11*j - 12*j = -5. Let p(l) = -4 - l**2 - j*l + 2*l**2 + 0*l + 4*l. Give p(-4).
16
Let v(r) = 4*r - 4. Let k be v(3). Let a(n) = k - 22 + 15 - 2*n + n. Calculate a(-2).
3
Let b(u) be the first derivative of 8*u**2 - u + 631. Calculate b(0).
-1
Suppose 309 - 309 = -26*w. Let g(h) = 7*h**3 + 7*h**2 - 7*h + 10. Let x(k) = 15*k**3 + 15*k**2 - 15*k + 21. Let o(s) = -13*g(s) + 6*x(s). Determine o(w).
-4
Let i(u) be the first derivative of u**3/3 - u**2/2 - 3*u - 1. Let s be (-75)/(-18) + 2/(-12). Give i(s).
9
Let z(g) be the second derivative of -1/3*g**3 + 33*g + 0 - 1/2*g**2. Determine z(-6).
11
Let z(r) = 3*r**3 - r**2 + 2*r - 1. Suppose 35 + 33 = 4*m. Suppose -m*h = -16*h - 1. What is z(h)?
3
Suppose 5*q = -v - 14, 3*q + 3*v = 2*q. Let d(r) be the second derivative of r**4/4 + r**3/2 + 3*r**2/2 + 23*r. Calculate d(q).
21
Suppose 64*m + 152 = 140*m. Let b(z) = z**3 + 3*z + 3. Let a(q) = q + 1. Let i(v) = -a(v) + b(v). Let l(o) be the first derivative of i(o). What is l(m)?
14
Let c(f) be the first derivative of f**4/4 + 4*f**3/3 - 5*f**2/2 - f + 68. What is c(-4)?
19
Suppose -5*h = -16*h + 55. Let v(m) = m**2 - 7*m + 13. Give v(h).
3
Let i(p) = 7 - 10165*p + 20338*p - 10172*p. What is i(-10)?
-3
Let n(j) = j**3 + 5*j**2 + j - 6. Let v be -20 - (6/2 + -5). Suppose -3*g + 2*s = -29, -5*g - 4*s + 107 = 22. Let i = g + v. What is n(i)?
-11
Let c(o) be the second derivative of -o**5/20 - o**4/8 + 2*o**3/3 + o**2/2 - 9*o. Let h(r) be the first derivative of c(r). Determine h(-3).
-14
Let l(z) = -2*z**3 + 3*z**2 - 3*z + 5. Let s(a) = 3*a**3 + 6*a - 7. Let v be s(1). Give l(v).
-5
Let x(d) be the second derivative of d**4/12 + d**3/3 + 3*d**2/2 - 188*d. Give x(-3).
6
Let c(n) be the second derivative of n**6/180 + n**5/40 + 43*n**4/12 - 4*n - 4. Let f(j) be the third derivative of c(j). Calculate f(-3).
-9
Suppose -3*k + k = -4. Suppose k*p = 5*p - 3*a + 21, 5*a + 13 = -p. Let i(r) = 2*r + 8. Give i(p).
-8
Let v(s) be the third derivative of s**5/60 + 7*s**4/12 - 2*s**3 - 2*s**2 - 5. Determine v(-15).
3
Let u(o) = 21*o**2 + 3. Let c(d) = 1 - 9*d**2 + 23*d**2 + 1. Let r(a) = 8*c(a) - 5*u(a). Suppose 13 = 2*l - 3*n, 0*l = -l + 2*n + 9. Give r(l).
8
Let q(v) = v**3 + v**2 - 3*v + 2. Let k = -53 - -50. Determine q(k).
-7
Suppose -6*d + 7*d - 2 = 0. Let n = 9 + -7. Suppose d + n = 4*c. Let f(o) = 8*o - 1. What is f(c)?
7
Let j(w) = w**2 + w + 1. Let b(m) = 2*m**2 - m - 1. Let s(r) = -b(r) + 4*j(r). Let k be s(-2). Let n(i) = 2*i**2 - 3*i + 3. What is n(k)?
12
Let u(z) = -1 + 2 + 0 - 3*z**2. Suppose 29 = -q + 7*b + 7, 0 = -5*q - b - 2. Calculate u(q).
-2
Let c(q) = q**3 - q**2 - q - 1. Suppose 0 = -p - 0*p - 4. Let v(k) = -5*k**3 - 4*k**2 - 2*k + 13. Let n(y) = p*c(y) - v(y). Suppose 2*s + 7 = -7. Give n(s).
-2
Let b = 5 + 3. Suppose -3*s = -5*s - b. Let i(f) = 60 + 12*f - 11*f + 10 - 68. Determine i(s).
-2
Let i be 1 + 0 - (7 + 0). Let h(t) be the first derivative of t**3/3 + 2*t**2 - 5*t + 2519. Calculate h(i).
7
Let v be ((-1)/4)/(2/(-8)). Let t = v - 0. Let w(d) = 29 - 5*d + 35 - 65. Determine w(t).
-6
Suppose -11 = -2*b - 27. Let f be ((-2)/b)/((-1)/(-4)). Let y(h) = -22*h + h**2 - f - 2*h**2 + 18*h. Calculate y(-4).
-1
Let n(j) be the second derivative of -j**3/6 + j**2/2 + 2*j - 13. Determine n(3).
-2
Suppose 16 = -w - 3*w. Let d = 36 - 33. Let c(z) = 5*z + d + z - 3*z - 1. Calculate c(w).
-10
Let v(u) = u - 6. Suppose 0 = t + 3*a + 3 - 13, 40 = 5*t + 5*a. Determine v(t).
1
Suppose 2*c - d - 56 = 0, -2*c = -2*d - 33 - 19. Let v(m) = 3*m - 13 + c - 20. Suppose 2 = -5*l + 27. Give v(l).
12
Let t(u) = 10*u - 3. Let k(j) = j**2 + j - 1. Let m = -55 + 56. Let v(o) = m*t(o) + k(o). Determine v(-11).
-4
Suppose -1192*i + 60 = -1188*i. Let j(h) = h**3 - 14*h**2 - 16*h + 15. Give j(i).
0
Let u = -24 + 27. Suppose 9 - u = -2*a. Let f(x) = -2*x. Calculate f(a).
6
Let a(j) = j**3 + 6*j**2 + 4*j + 1. Let o(z) = -z**2 - z. Let d(p) = 3*p**2 + 15*p + 29. Let s(c) = -d(c) - 4*o(c). Let l be s(13). What is a(l)?
16
Let t(r) = -r**3 + 6*r**2 + r. Suppose -2*m - 2*p - 5 = 1, 5*m = -3*p - 23. Let q(w) = w**2 + 14*w - 33. Let f be q(-16). Let l = f - m. Give t(l).
6
Let g(q) = q**3 + 6*q**2 + 4*q - 5. Let u(i) be the second derivative of i**3/6 - 15*i**2/2 + i. Let r be u(7). Let m be r/3*(-12)/(-8). Calculate g(m).
11
Suppose 10*c = 77 - 17. Let m(o) = -c*o**2 - 4 - 9 + 6 + 5*o - o**3 + 0*o. Give m(-7).
7
Let n(l) = 23*l + 22. Let t(j) = -12*j - 12. Let q(g) = 6*n(g) + 11*t(g). Let s(m) = m**2 - 2*m - 4. Suppose 0 - 9 = -3*c. Let r be s(c). Determine q(r).
-6
Let a(d) = d**2 + 5*d - 5. Let k(o) = -9*o. Let u be k(-2). Suppose -4*q + q = u. Give a(q).
1
Suppose 4 = 4*a, 0*u - 5*u = 2*a - 27. Suppose -u*k - 10 = 25. Let v(h) = -h**3 - 7*h**2 - h - 7. What is v(k)?
0
Let q(d) be the third derivative of d**8/5040 - d**7/2520 + d**6/720 + d**5/30 - 3*d**2. Let h(p) be the third derivative of q(p). What is h(1)?
3
Let h(y) be the first derivative of y**4/4 - y**3 - 2*y**2 - y + 2228. Let u be (-2)/8 + (-17)/(-4). Determine h(u).
-1
Let v(m) = 47529 + 2*m - 47530 - 9*m**3 + 28*m**3 - 2*m**2. Give v(1).
18
Let n(p) = 3*p + 62. Let r(h) = 4*h + 91. Let g(t) = 3*n(t) - 2*r(t). Suppose 0*s = -s. What is g(s)?
4
Let t(a) = -a**3 + 3*a**2 - 2*a + 3. Let j(k) = -6*k + 2*k**2 + 2 + 3*k + 1. Let g be j(2). Suppose -4*z = g - 13. Give t(z).
3
Let x(i) = i**3 - 4*i - 3. Suppose -52*b + 17*b = 16*b. Calculate x(b).
-3
Let j(h) = -17*h**2 + h**3 + 4*h + 9*h**2 - 13*h - 1 - 2*h**3. Determine j(-6).
-19
Let l = 79 - 80. Suppose 5*n = 16 - 1. Let u(m) = n*m + 11*m**2 - 1 - 6*m + 4*m - 3*m. Calculate u(l).
12
Let p(u) = 13*u**2 - 4*u + 15. Let f(v) = -36*v**2 + 13*v - 44. Let 